{"id":32,"date":"2024-10-03T10:10:10","date_gmt":"2024-10-03T10:10:10","guid":{"rendered":"https:\/\/multipurpose-11.ziptemplates.top\/?page_id=32"},"modified":"2026-04-15T09:16:17","modified_gmt":"2026-04-15T09:16:17","slug":"home-2","status":"publish","type":"page","link":"https:\/\/stalldrang.ch\/","title":{"rendered":"Home"},"content":{"rendered":"\n<div class=\"wp-block-uagb-container uagb-block-5ee2c2a3 alignfull uagb-is-root-container\"><div class=\"uagb-container-inner-blocks-wrap\">\n<div class=\"wp-block-uagb-container uagb-block-665715ee\">\n<div class=\"wp-block-uagb-info-box uagb-block-475f69c2 uagb-infobox__content-wrap  uagb-infobox-icon-above-title uagb-infobox-image-valign-top\"><div class=\"uagb-ifb-content\"><div class=\"uagb-ifb-title-wrap\"><span class=\"uagb-ifb-title-prefix\">Willkommen bei<\/span><h1 class=\"uagb-ifb-title\">Stalldrang \u2013 Besenbeiz<\/h1><\/div><p class=\"uagb-ifb-desc\">Entdecken Sie exquisite, handgemachte Speisen in der malerischen Landschaft des Thurgau. Ein Erlebnis f\u00fcr alle Sinne.<\/p><div class=\"uagb-ifb-button-wrapper wp-block-button\"><a href=\"https:\/\/stalldrang.ch\/?page_id=35\" class=\"uagb-infobox-cta-link wp-block-button__link\" target=\"_self\" rel=\"noopener noreferrer\" onclick=\"return true;\"><span class=\"uagb-inline-editing\">Jetzt Reservieren<\/span><\/a><\/div><\/div><\/div>\n\n\n\n<div class=\"wp-block-uagb-separator uagb-block-4ee341cb\"><div class=\"wp-block-uagb-separator__inner\" style=\"--my-background-image:\"><\/div><\/div>\n\n\n\n<div class=\"wp-block-uagb-info-box uagb-block-7b62b9c7 uagb-infobox__content-wrap  uagb-infobox-icon-above-title uagb-infobox-image-valign-top\"><div class=\"uagb-ifb-content\"><div class=\"uagb-ifb-title-wrap\"><\/div><div class=\"uagb-ifb-button-wrapper wp-block-button\"><a href=\"https:\/\/www.saferpay.com\/SecurePayGate\/MultiUsePayment\/340945\/17753610\/670e7d82-675b-4d2d-a206-5e428bbb28c4\" class=\"uagb-infobox-cta-link wp-block-button__link\" target=\"_blank\" rel=\"noopener noreferrer\" onclick=\"return true;\"><span class=\"uagb-inline-editing\">Gutschein Online Kaufen<\/span><\/a><\/div><\/div><\/div>\n<\/div>\n\n\n\n<div class=\"wp-block-uagb-container uagb-block-38815769\">\n<div class=\"wp-block-uagb-image alignleft uagb-block-6a18c306 wp-block-uagb-image--layout-default wp-block-uagb-image--effect-static wp-block-uagb-image--align-left uag-blocks-common-selector\" style=\"--z-index-desktop:1;;--z-index-tablet:1;;--z-index-mobile:undefined;\"><figure class=\"wp-block-uagb-image__figure\"><img decoding=\"async\" srcset=\"https:\/\/stalldrang.ch\/wp-content\/uploads\/2024\/10\/CB05A2A1-56C7-4F17-B19F-5704BB03E8DA-1024x768.jpeg ,https:\/\/stalldrang.ch\/wp-content\/uploads\/2024\/10\/CB05A2A1-56C7-4F17-B19F-5704BB03E8DA-scaled.jpeg 780w, https:\/\/stalldrang.ch\/wp-content\/uploads\/2024\/10\/CB05A2A1-56C7-4F17-B19F-5704BB03E8DA-scaled.jpeg 360w\" sizes=\"auto, (max-width: 480px) 150px\" src=\"https:\/\/stalldrang.ch\/wp-content\/uploads\/2024\/10\/CB05A2A1-56C7-4F17-B19F-5704BB03E8DA-1024x768.jpeg\" alt=\"\" class=\"uag-image-761\" width=\"550\" height=\"670\" title=\"CB05A2A1-56C7-4F17-B19F-5704BB03E8DA\" loading=\"lazy\" role=\"img\"\/><\/figure><\/div>\n<\/div>\n<\/div><\/div>\n\n\n\n<div class=\"wp-block-uagb-container uagb-block-2655d8a9 alignfull uagb-is-root-container\"><div class=\"uagb-container-inner-blocks-wrap\"><\/div><\/div>\n\n\n\n<div class=\"wp-block-uagb-container uagb-block-d8b26e2e alignfull uagb-is-root-container\"><div class=\"uagb-container-inner-blocks-wrap\">\n<div class=\"wp-block-uagb-container uagb-block-0e757356\">\n<div class=\"wp-block-uagb-info-box uagb-block-a63b6bfe uagb-infobox__content-wrap  uagb-infobox-icon-above-title uagb-infobox-image-valign-top\"><div class=\"uagb-ifb-content\"><div class=\"uagb-ifb-title-wrap\"><span class=\"uagb-ifb-title-prefix\">Unsere K\u00f6stlichkeiten<\/span><h2 class=\"uagb-ifb-title\">Hausgemachte Gerichte <\/h2><\/div><div class=\"uagb-ifb-separator\"><\/div><p class=\"uagb-ifb-desc\">Genie\u00dfen Sie eine sorgf\u00e4ltige Auswahl an saisonalen, frisch zubereiteten Spezialit\u00e4ten, die mit Liebe und Hingabe zubereitet werden.<br><a href=\"https:\/\/stalldrang.ch\/?page_id=34\" data-type=\"link\" data-id=\"https:\/\/stalldrang.ch\/?page_id=34\">MEHR ERFAHREN<\/a><\/p><\/div><\/div>\n<\/div>\n\n\n\n<div class=\"wp-block-uagb-container uagb-block-0e28cdeb\">\n<div class=\"wp-block-uagb-container uagb-block-a57c78d0\"><\/div>\n\n\n\n<div class=\"wp-block-uagb-container uagb-block-87c35d97\">\n<p><\/p>\n<\/div>\n<\/div>\n<\/div><\/div>\n\n\n\n<div class=\"wp-block-uagb-container uagb-block-7afd38bc alignfull uagb-is-root-container\"><div class=\"uagb-container-inner-blocks-wrap\">\n<div class=\"wp-block-uagb-separator uagb-block-e249ac0f\"><div class=\"wp-block-uagb-separator__inner\" style=\"--my-background-image:\"><\/div><\/div>\n\n\n\n<div class=\"wp-block-uagb-container uagb-block-676c2a91\">\n<div class=\"wp-block-uagb-image alignleft uagb-block-7a729c88 wp-block-uagb-image--layout-default wp-block-uagb-image--effect-static wp-block-uagb-image--align-left\"><figure class=\"wp-block-uagb-image__figure\"><img decoding=\"async\" srcset=\"https:\/\/stalldrang.ch\/wp-content\/uploads\/2024\/10\/53D4B9F7-F4CB-43A5-990D-3B189BC5E5FB-1024x768.jpeg ,https:\/\/stalldrang.ch\/wp-content\/uploads\/2024\/10\/53D4B9F7-F4CB-43A5-990D-3B189BC5E5FB-scaled.jpeg 780w, https:\/\/stalldrang.ch\/wp-content\/uploads\/2024\/10\/53D4B9F7-F4CB-43A5-990D-3B189BC5E5FB-scaled.jpeg 360w\" sizes=\"auto, (max-width: 480px) 150px\" src=\"https:\/\/stalldrang.ch\/wp-content\/uploads\/2024\/10\/53D4B9F7-F4CB-43A5-990D-3B189BC5E5FB-1024x768.jpeg\" alt=\"\" class=\"uag-image-762\" width=\"546\" height=\"500\" title=\"53D4B9F7-F4CB-43A5-990D-3B189BC5E5FB\" loading=\"lazy\" role=\"img\"\/><\/figure><\/div>\n\n\n\n<div class=\"wp-block-uagb-container uagb-block-e8338309\">\n<div class=\"wp-block-uagb-info-box uagb-block-b85c762b uagb-infobox__content-wrap  uagb-infobox-icon-above-title uagb-infobox-image-valign-top wp-block-uagb-info-box--has-margin\"><div class=\"uagb-infobox-margin-wrapper\"><div class=\"uagb-ifb-content\"><div class=\"uagb-ifb-title-wrap\"><span class=\"uagb-ifb-title-prefix\">\u00dcber uns<\/span><h3 class=\"uagb-ifb-title\">Ein Restaurant mit Herz und Seele<\/h3><\/div><div class=\"uagb-ifb-separator\"><\/div><p class=\"uagb-ifb-desc\">Stalldrang.ch ist mehr als nur ein Restaurant. Es ist ein Ort der Begegnung, wo frisch zubereitete Speisen und herzlicher Service im Mittelpunkt stehen, um unvergessliche Erinnerungen zu schaffen.<\/p><\/div><\/div><\/div>\n<\/div>\n<\/div>\n\n\n\n<div class=\"wp-block-uagb-separator uagb-block-422c321a\"><div class=\"wp-block-uagb-separator__inner\" style=\"--my-background-image:\"><\/div><\/div>\n\n\n\n<div class=\"wp-block-uagb-container uagb-block-e7035da7\">\n<figure class=\"wp-block-image size-large is-resized alignleft\"><img decoding=\"async\" src=\"https:\/\/stalldrang.ch\/wp-content\/uploads\/2024\/10\/IMG-20241028-WA0000-1024x768.jpg\" alt=\"\" style=\"width:546px;height:auto\"\/><\/figure>\n\n\n\n<figure class=\"wp-block-image size-large is-resized alignleft\"><img decoding=\"async\" src=\"https:\/\/stalldrang.ch\/wp-content\/uploads\/2024\/10\/IMG-20241028-WA0002-1024x768.jpg\" alt=\"\" style=\"width:546px;height:auto\"\/><\/figure>\n<\/div>\n<\/div><\/div>\n\n\n\n<div class=\"wp-block-uagb-container uagb-block-dad792f4 alignfull uagb-is-root-container\"><div class=\"uagb-container-inner-blocks-wrap\">\n<div class=\"wp-block-uagb-container uagb-block-8ba2b665\">\n<div class=\"wp-block-uagb-info-box uagb-block-da325f76 uagb-infobox__content-wrap  uagb-infobox-icon-above-title uagb-infobox-image-valign-top wp-block-uagb-info-box--has-margin\"><div class=\"uagb-infobox-margin-wrapper\"><div class=\"uagb-ifb-content\"><div class=\"uagb-ifb-title-wrap\"><span class=\"uagb-ifb-title-prefix\">Erleben Sie in der<\/span><h2 class=\"uagb-ifb-title\">Stalldrang Besenbeiz<\/h2><\/div><\/div><\/div><\/div>\n\n\n\n<div class=\"wp-block-uagb-image uagb-block-f4023b1c wp-block-uagb-image--layout-default wp-block-uagb-image--effect-static wp-block-uagb-image--align-none\"><figure class=\"wp-block-uagb-image__figure\"><img decoding=\"async\" srcset=\"https:\/\/stalldrang.ch\/wp-content\/uploads\/2026\/04\/1000031776-1024x736.jpg ,https:\/\/stalldrang.ch\/wp-content\/uploads\/2026\/04\/1000031776.jpg 780w, https:\/\/stalldrang.ch\/wp-content\/uploads\/2026\/04\/1000031776.jpg 360w\" sizes=\"auto, (max-width: 480px) 150px\" src=\"https:\/\/stalldrang.ch\/wp-content\/uploads\/2026\/04\/1000031776-1024x736.jpg\" alt=\"\" class=\"uag-image-950\" width=\"1024\" height=\"698\" title=\"1000031776\" loading=\"lazy\" role=\"img\"\/><\/figure><\/div>\n\n\n\n<div class=\"wp-block-uagb-buttons uagb-buttons__outer-wrap uagb-btn__default-btn uagb-btn-tablet__default-btn uagb-btn-mobile__default-btn uagb-block-d8660887\"><div class=\"uagb-buttons__wrap uagb-buttons-layout-wrap \">\n<div class=\"wp-block-uagb-buttons-child uagb-buttons__outer-wrap uagb-block-91fa5191 wp-block-button\"><div class=\"uagb-button__wrapper\"><a class=\"uagb-buttons-repeater wp-block-button__link\" aria-label=\"\" href=\"https:\/\/stalldrang.ch\/?page_id=35\" rel=\"follow noopener\" target=\"_self\" role=\"button\"><div class=\"uagb-button__link\">Jetzt Reservieren<\/div><\/a><\/div><\/div>\n<\/div><\/div>\n<\/div>\n<\/div><\/div>\n\n\n\n<div class=\"wp-block-uagb-container uagb-block-843339ae alignfull uagb-is-root-container\"><div class=\"uagb-container-inner-blocks-wrap\">\n<div class=\"wp-block-uagb-container uagb-block-c41846bb\">\n<div class=\"wp-block-uagb-info-box uagb-block-62734ee7 uagb-infobox__content-wrap  uagb-infobox-icon-above-title uagb-infobox-image-valign-top wp-block-uagb-info-box--has-margin\"><div class=\"uagb-infobox-margin-wrapper\"><div class=\"uagb-ifb-content\"><div class=\"uagb-ifb-title-wrap\"><span class=\"uagb-ifb-title-prefix\">Stalldrang<\/span><h2 class=\"uagb-ifb-title\">Gesch\u00e4ftsbedingungen<\/h2><\/div><div class=\"uagb-ifb-separator\"><\/div><\/div><\/div><\/div>\n<\/div>\n\n\n\n<div class=\"wp-block-uagb-container uagb-block-61da83b6\">\n<div class=\"wp-block-uagb-image uagb-block-3a8c9e94 wp-block-uagb-image--layout-default wp-block-uagb-image--effect-static wp-block-uagb-image--align-none\"><figure class=\"wp-block-uagb-image__figure\"><img decoding=\"async\" srcset=\"https:\/\/stalldrang.ch\/wp-content\/uploads\/2024\/10\/agb_n.png ,https:\/\/stalldrang.ch\/wp-content\/uploads\/2024\/10\/agb_n.png 780w, https:\/\/stalldrang.ch\/wp-content\/uploads\/2024\/10\/agb_n.png 360w\" sizes=\"auto, (max-width: 480px) 150px\" src=\"https:\/\/stalldrang.ch\/wp-content\/uploads\/2024\/10\/agb_n.png\" alt=\"\" class=\"uag-image-869\" width=\"1024\" height=\"724\" title=\"agb_n\" loading=\"lazy\" role=\"img\"\/><\/figure><\/div>\n<\/div>\n<\/div><\/div>\n\n\n\n<div class=\"wp-block-uagb-container uagb-block-0d92c2ce alignfull uagb-is-root-container\"><div class=\"uagb-container-inner-blocks-wrap\">\n<div class=\"wp-block-uagb-info-box uagb-block-dbde4be2 uagb-infobox__content-wrap  uagb-infobox-icon-above-title uagb-infobox-image-valign-top wp-block-uagb-info-box--has-margin\"><div class=\"uagb-infobox-margin-wrapper\"><div class=\"uagb-ifb-content\"><div class=\"uagb-ifb-title-wrap\"><span class=\"uagb-ifb-title-prefix\">Planen Sie Ihren Besuch<\/span><h3 class=\"uagb-ifb-title\">Stalldrang Besenbeiz<\/h3><\/div><p class=\"uagb-ifb-desc\">Bitte immer im Voraus reservieren!<\/p><div class=\"uagb-ifb-button-wrapper wp-block-button\"><a href=\"https:\/\/stalldrang.ch\/?page_id=35\" class=\"uagb-infobox-cta-link wp-block-button__link\" target=\"_self\" rel=\"noopener noreferrer\" onclick=\"return true;\"><span class=\"uagb-inline-editing\">Jetzt Reservieren<\/span><\/a><\/div><\/div><\/div><\/div>\n<\/div><\/div>\n\n\n\n<p><\/p>\n","protected":false},"excerpt":{"rendered":"","protected":false},"author":5,"featured_media":0,"parent":0,"menu_order":0,"comment_status":"closed","ping_status":"closed","template":"","meta":{"_uag_custom_page_level_css":"","site-sidebar-layout":"default","site-content-layout":"","ast-site-content-layout":"default","site-content-style":"default","site-sidebar-style":"default","ast-global-header-display":"","ast-banner-title-visibility":"","ast-main-header-display":"","ast-hfb-above-header-display":"","ast-hfb-below-header-display":"","ast-hfb-mobile-header-display":"","site-post-title":"disabled","ast-breadcrumbs-content":"","ast-featured-img":"","footer-sml-layout":"","ast-disable-related-posts":"","theme-transparent-header-meta":"enabled","adv-header-id-meta":"","stick-header-meta":"","header-above-stick-meta":"","header-main-stick-meta":"","header-below-stick-meta":"","astra-migrate-meta-layouts":"default","ast-page-background-enabled":"default","ast-page-background-meta":{"desktop":{"background-color":"var(--ast-global-color-4)","background-image":"","background-repeat":"repeat","background-position":"center center","background-size":"auto","background-attachment":"scroll","background-type":"","background-media":"","overlay-type":"","overlay-color":"","overlay-opacity":"","overlay-gradient":""},"tablet":{"background-color":"","background-image":"","background-repeat":"repeat","background-position":"center center","background-size":"auto","background-attachment":"scroll","background-type":"","background-media":"","overlay-type":"","overlay-color":"","overlay-opacity":"","overlay-gradient":""},"mobile":{"background-color":"","background-image":"","background-repeat":"repeat","background-position":"center center","background-size":"auto","background-attachment":"scroll","background-type":"","background-media":"","overlay-type":"","overlay-color":"","overlay-opacity":"","overlay-gradient":""}},"ast-content-background-meta":{"desktop":{"background-color":"var(--ast-global-color-5)","background-image":"","background-repeat":"repeat","background-position":"center center","background-size":"auto","background-attachment":"scroll","background-type":"","background-media":"","overlay-type":"","overlay-color":"","overlay-opacity":"","overlay-gradient":""},"tablet":{"background-color":"var(--ast-global-color-5)","background-image":"","background-repeat":"repeat","background-position":"center center","background-size":"auto","background-attachment":"scroll","background-type":"","background-media":"","overlay-type":"","overlay-color":"","overlay-opacity":"","overlay-gradient":""},"mobile":{"background-color":"var(--ast-global-color-5)","background-image":"","background-repeat":"repeat","background-position":"center center","background-size":"auto","background-attachment":"scroll","background-type":"","background-media":"","overlay-type":"","overlay-color":"","overlay-opacity":"","overlay-gradient":""}},"footnotes":""},"class_list":["post-32","page","type-page","status-publish","hentry"],"uagb_featured_image_src":{"full":false,"thumbnail":false,"medium":false,"medium_large":false,"large":false,"1536x1536":false,"2048x2048":false},"uagb_author_info":{"display_name":"syls8t6avw4p","author_link":"https:\/\/stalldrang.ch\/?author=5"},"uagb_comment_info":0,"uagb_excerpt":null,"_links":{"self":[{"href":"https:\/\/stalldrang.ch\/index.php?rest_route=\/wp\/v2\/pages\/32","targetHints":{"allow":["GET"]}}],"collection":[{"href":"https:\/\/stalldrang.ch\/index.php?rest_route=\/wp\/v2\/pages"}],"about":[{"href":"https:\/\/stalldrang.ch\/index.php?rest_route=\/wp\/v2\/types\/page"}],"author":[{"embeddable":true,"href":"https:\/\/stalldrang.ch\/index.php?rest_route=\/wp\/v2\/users\/5"}],"replies":[{"embeddable":true,"href":"https:\/\/stalldrang.ch\/index.php?rest_route=%2Fwp%2Fv2%2Fcomments&post=32"}],"version-history":[{"count":53,"href":"https:\/\/stalldrang.ch\/index.php?rest_route=\/wp\/v2\/pages\/32\/revisions"}],"predecessor-version":[{"id":951,"href":"https:\/\/stalldrang.ch\/index.php?rest_route=\/wp\/v2\/pages\/32\/revisions\/951"}],"wp:attachment":[{"href":"https:\/\/stalldrang.ch\/index.php?rest_route=%2Fwp%2Fv2%2Fmedia&parent=32"}],"curies":[{"name":"wp","href":"https:\/\/api.w.org\/{rel}","templated":true}]}}